. What is the highest common divisor of 24 and p?
6
Suppose a + 0*r + 12 = 3*r, 0 = 2*a - 5*r + 20. Suppose 0 = -2*n - a + 10. What is the greatest common factor of 10 and n?
5
Suppose 21 = -2*g + 69. Let q(l) = -l + 24. Let w(r) = -r + 24. Let m(k) = 5*q(k) - 4*w(k). Let t be m(0). Calculate the greatest common divisor of g and t.
24
Let l = 27 + -18. Let n = l + -4. Let x(q) = -q**2 + 10*q - 7. Let r be x(n). What is the greatest common factor of r and 45?
9
Let d be (-30)/(-10) + -3*(-1 - 17). Calculate the highest common factor of 76 and d.
19
Suppose -4*u + 84 = 2*p, 2*u - 138 = -4*p - 0*u. Suppose 4*c - n = -2*n + 322, 5*c - 2*n = 396. Calculate the highest common divisor of c and p.
16
Let c(i) = 5*i**2 + i - 1. Let g be c(1). Suppose x + 3*f - 12 = -x, g*x = -f + 17. Let k be 22/x + (-4)/(-6). Calculate the greatest common factor of k and 20.
4
Suppose -3*q + 2*j - 6*j + 146 = 0, q - 2*j - 62 = 0. Calculate the highest common divisor of 6 and q.
6
Suppose -3*x = -5*w + 484, -386 = -4*w + x + 2*x. Let k = 13 - 10. Suppose w = k*n - 298. What is the highest common divisor of n and 12?
12
Let s = -5 + 16. Let l = 18 - s. Suppose 0*u = 4*u - 252. Calculate the highest common divisor of u and l.
7
Suppose -4*j - 6 = 2*g, 2*j - 3*g = -j. Let o be (2/(-3)*-3)/j. Let w be 40/18 - o/(-9). Calculate the greatest common factor of 14 and w.
2
Let d = 47 - 37. What is the greatest common factor of d and 25?
5
Suppose -1450 = -11*u + u. What is the greatest common divisor of 58 and u?
29
Let b(r) = 19*r**2 + 4*r + 2. Let c be b(-3). What is the highest common divisor of c and 23?
23
Let z be (-1 + 2)*(-3 + 3). Suppose 2*s + 2*s - 32 = z. What is the highest common divisor of 56 and s?
8
Let k(x) = x**2 + 7*x + 10. Let s be k(-6). Calculate the highest common divisor of 36 and s.
4
Let g = 20 - 11. Let q(r) = r**2 - 9*r + 2. Let j be q(g). What is the greatest common divisor of 5 and j?
1
Suppose -4*h = -2*b + 148, -30 = -4*b - 2*h + 316. Calculate the greatest common divisor of 56 and b.
28
Let i be (24/15)/((-4)/(-50)). Suppose 0 = -4*g - 0*g + 3*k + 20, -g + 5 = -4*k. Suppose 659 = g*t - 141. What is the greatest common divisor of i and t?
20
Suppose -4 = -4*p + n, -4*p - p - 3*n = -5. Let m be -4 - (-3)/6*28. What is the greatest common factor of p and m?
1
Let y(t) = t**2 - 7*t. Let q be y(10). What is the greatest common factor of q and 30?
30
Let h(t) = -t + 21. Let g be h(9). Calculate the greatest common divisor of g and 6.
6
Let f = -34 - -60. Let s = 51 - f. What is the greatest common divisor of s and 10?
5
Suppose -4*m + 45 = -23. Calculate the greatest common factor of 187 and m.
17
Suppose -54 + 19 = -r. Let w be 13 + -2 + 0 + 3. What is the highest common divisor of r and w?
7
Let p be -2*1*15/(-6). Let h(z) = 2*z**3 + 0 + 4 - 4*z**2 - 2 - z**3 - 4*z. Let r be h(p). Calculate the highest common divisor of r and 49.
7
Suppose -2*l = 3*g - 7 - 7, 4*l = 4*g + 8. Suppose v + l*z = 41, 0 = -3*v - 3*z + 20 + 58. What is the highest common factor of v and 3?
3
Let o(m) = -2*m - 24. Let x(s) = s + 12. Let u(l) = -3*o(l) - 7*x(l). Let k be u(0). Let b be (-40)/k*6/5. What is the greatest common divisor of b and 12?
4
Let r be (-14)/(-6) - (-2)/3. Let u = r - 2. Calculate the highest common factor of u and 8.
1
Let r = 13 + -8. Suppose 3*i + r*w - 77 = 0, i - 3*w = -6 + 27. Suppose 93*y - 87*y = 720. What is the greatest common divisor of i and y?
24
Let l = 17 - 6. Suppose i - 5*u = 80, 0*i - 5*u + 195 = 4*i. What is the greatest common factor of l and i?
11
Suppose 0 = 5*d, 3*n - d - 96 = -4*d. Calculate the greatest common divisor of 160 and n.
32
Let v(a) = -3*a - 1. Let d be v(-2). Suppose -2*n + 34 = -z, z - d*z = -4*n + 68. Let f = -248 + 350. Calculate the highest common factor of n and f.
17
Let t = 10 + 55. Let f = -1 - -27. Calculate the greatest common divisor of f and t.
13
Suppose 3*b + 4*t = 27, 3*b - t - 5 = 7. Let u(k) = k**3 - 3*k**2 - 8*k + 6. Let l be u(b). What is the greatest common factor of l and 64?
16
Suppose z - 1 = 17. What is the highest common divisor of z and 12?
6
Suppose 320 = -2*n + 7*n. What is the greatest common factor of n and 8?
8
Suppose -18 = -j - 4. Calculate the greatest common divisor of j and 112.
14
Let d(o) = -61*o**3 - o**2. Let q be d(-1). What is the greatest common divisor of 30 and q?
30
Suppose -12 = 3*v - 4*v. Let x(d) = -d + 6. Let l be x(5). Let p = l - -2. Calculate the greatest common divisor of p and v.
3
Suppose 0 = -2*y - 5*g + 4, -3*y + 0*g + 40 = -g. What is the greatest common divisor of y and 24?
12
Let o = -15 + 23. Let m be o/(-12)*(-1 + -8). Suppose -m*s + s = -30. What is the highest common factor of s and 6?
6
Suppose 0 = p + 3*p. Suppose p = 4*m - 29 - 59. Let i(c) = -c - 3. Let l be i(-5). What is the highest common factor of l and m?
2
Suppose -5*l + 3*l + 15 = 3*d, -3*d = -l + 21. Let o = 32 + -16. Let m = o - 10. What is the greatest common factor of l and m?
6
Let m be (17 + (-2)/1)/1. Suppose j = -0*j. Suppose 3*u + j = -c + 7, 0 = 3*c + m. Calculate the greatest common factor of 44 and u.
4
Let r be (-12)/8*8/(-6). Let l be (-1024)/(-6) + r/6. What is the highest common divisor of l and 19?
19
Suppose 5*g - 106 = -s, s = 2*g + 5*s - 46. Calculate the greatest common factor of 14 and g.
7
Let k = -3 + 4. Let u = k - -2. Suppose -5*s = -i - 28, -2*s = -u*s + i + 4. Calculate the highest common divisor of s and 6.
6
Let z(j) = j**2 + 11*j + 5. Let h be z(-11). Suppose -h*d = -0*d - 375. Calculate the greatest common divisor of d and 30.
15
Let i(z) = z + 6. Let b be i(-8). Let y(s) = -4*s**3 + s**2 - 2. Let u be y(b). Suppose u + 16 = 5*r. What is the greatest common factor of 80 and r?
10
Let j = -12 + -8. Let c be 48/j - 4/(-10). Let h be (2 - 1) + c + 8. Calculate the greatest common factor of h and 63.
7
Let d(r) = -r**2 + r + 16. Let z be d(0). Suppose x - z = 44. Suppose -n - 48 = -4*p + 44, 0 = p - 3*n - 12. Calculate the highest common factor of p and x.
12
Let m be (1 - 2)/((-2)/(-2)). Let w be 3 + -1 - 8/m. Let j = 37 + -32. Calculate the greatest common divisor of j and w.
5
Suppose -4*k - 5*r = -43, 3*k - 4*r + r - 39 = 0. Calculate the greatest common divisor of k and 12.
12
Let r = -106 - -153. Suppose -p = -61 - r. Calculate the highest common factor of p and 12.
12
Let l = -4 + 4. Suppose 4*n - m - 68 = l, 2*n - 64 = -3*n - 4*m. Calculate the greatest common factor of 112 and n.
16
Let u = 5 - 0. Suppose -56 = -u*r + r. Suppose -y = 2*y - 336. What is the highest common divisor of y and r?
14
Let x = 51 - 30. Let c = x - -24. What is the greatest common factor of c and 5?
5
Let u(g) = -g**2 + 10*g + 5. Let n be u(10). Suppose n*y = 2*y + 75. Calculate the greatest common divisor of 75 and y.
25
Let n = -25 + 80. Suppose n = b - 26. Let q = -1 - -10. Calculate the greatest common factor of q and b.
9
Let b = -14 - -22. Let z(w) be the first derivative of -w**2/2 - w - 3. Let m be z(-9). What is the highest common factor of b and m?
8
Let s = -8 + 9. Let r be s/(-4) + 171/12. Suppose -23 = -4*o + 5. Calculate the greatest common divisor of o and r.
7
Let o be 519/15 + 4/10. Calculate the highest common factor of 7 and o.
7
Suppose -4*m - 4*f = 40, -m + 4*f + 2 + 3 = 0. Let c(y) = y**2 + 4*y + 1. Let w be c(m). What is the highest common divisor of w and 88?
22
Suppose -2*m + m - 5*n = 146, -m = -2*n + 160. Let w = m + 244. Calculate the greatest common factor of 11 and w.
11
Let b be ((-12)/10)/(18/(-60)). Suppose -79 - 53 = -b*f. Calculate the highest common factor of 11 and f.
11
Suppose -o = -2*o + 30. Calculate the greatest common divisor of o and 5.
5
Let y(s) = 2*s**3 - s**2 + 4*s - 3. Let b be y(2). Let o(u) = -u**2 + 2*u + 116. Let z be o(0). Let v = z + -48. Calculate the highest common factor of b and v.
17
Suppose -3*f + 222 = 12. Suppose 0 = -5*a + 5 + f. What is the greatest common divisor of a and 60?
15
Let d = 111 + -31. What is the greatest common divisor of 10 and d?
10
Let u(l) = -l + 14. Let r be u(9). Suppose -223 = -r*v - d, 0*d = -2*v - 5*d + 80. Let q = -8 - -13. What is the highest common factor of q and v?
5
Suppose 4*b - 5*z = 54, b + 2*z = -4*b + 84. Let c be ((-8)/(-3) - 3)*-48. What is the greatest common divisor of c and 